{"id":1697,"date":"2023-09-23T16:12:10","date_gmt":"2023-09-23T16:12:10","guid":{"rendered":"https:\/\/amazing-ritchie.82-223-64-3.plesk.page\/?post_type=product&#038;p=1697"},"modified":"2026-04-04T03:46:20","modified_gmt":"2026-04-04T03:46:20","slug":"9-mm-luger-124-gr-fmj","status":"publish","type":"product","link":"https:\/\/amazing-ritchie.82-223-64-3.plesk.page\/?product=9-mm-luger-124-gr-fmj","title":{"rendered":"9 mm Luger 124 grms, Pedido m\u00ednimo, 4800 balas"},"content":{"rendered":"<p>9 mm Luger 124 grms, Precio fabrica 0,20\u20ac\/ bala, Pedido m\u00ednimo, 4800 balas, EXW, compra intracomunitaria IVA Cero<\/p>\n<p>Nuestra munici\u00f3n de f\u00e1brica de esta l\u00ednea se fabrica con componentes totalmente nuevos. Este cartucho en particular est\u00e1 cargado con casquillos de lat\u00f3n CuZn30 normales. Esta variaci\u00f3n de 9 mm Luger funciona en todo tipo de armas de fuego, pistolas, ametralladoras ligeras, PDWs, rifles, PPCs, etc&#8230; La \u00fanica diferencia est\u00e1 en un precio m\u00e1s bajo. Todos nuestros cartuchos cumplen con las normas C.I.P. y son excepcionalmente fiables y consistentes. En el precio se incluye el transporte hasta el cliente.<\/p>\n<p>Par\u00e1metros de la munici\u00f3n<br \/>\nBala 124 gr FMJ<br \/>\nVelocidad 350 m\/s<br \/>\nEnerg\u00eda 593 J<br \/>\nFactor de potencia 142 IPSC<\/p>\n<p>9 mm Luger munici\u00f3n de pistola &#8211;\u00a0 Precio sin IVA ni transporte\u00a0 487,60 CZK= 20 \u20ac \/caja\/100 balas\/EXW<\/p>\n<p><img loading=\"lazy\" decoding=\"async\" class=\"alignnone size-medium wp-image-1817\" src=\"https:\/\/amazing-ritchie.82-223-64-3.plesk.page\/wp-content\/uploads\/2023\/09\/Cajamuniciones100-300x154.jpg\" alt=\"\" width=\"300\" height=\"154\" srcset=\"https:\/\/amazing-ritchie.82-223-64-3.plesk.page\/wp-content\/uploads\/2023\/09\/Cajamuniciones100-300x154.jpg 300w, https:\/\/amazing-ritchie.82-223-64-3.plesk.page\/wp-content\/uploads\/2023\/09\/Cajamuniciones100.jpg 517w\" sizes=\"auto, (max-width: 300px) 100vw, 300px\" \/><\/p>\n<p>No se incluye IVA por ser compra intracomunitaria\/empresas profesionales armer\u00edas y clubs de tiro<\/p>\n<p>Pedido m\u00ednimo, recomendado, 48 cajas = 4800 balas, envio NACEX o SEUR, solicitar presupuesto transporte a Arms Broker<\/p>\n<p><img loading=\"lazy\" decoding=\"async\" class=\"alignnone size-medium wp-image-1820\" src=\"https:\/\/amazing-ritchie.82-223-64-3.plesk.page\/wp-content\/uploads\/2023\/09\/12cajasmuniciones-300x143.png\" alt=\"\" width=\"300\" height=\"143\" srcset=\"https:\/\/amazing-ritchie.82-223-64-3.plesk.page\/wp-content\/uploads\/2023\/09\/12cajasmuniciones-300x143.png 300w, https:\/\/amazing-ritchie.82-223-64-3.plesk.page\/wp-content\/uploads\/2023\/09\/12cajasmuniciones.png 588w\" sizes=\"auto, (max-width: 300px) 100vw, 300px\" \/><\/p>\n<p>A\u00f1adir al carrito 1 env\u00edo s\u00f3lo 4800 balas<\/p>\n","protected":false},"excerpt":{"rendered":"<p>9 mm Luger 124 grms, Precio fabrica 0,20\u20ac\/ bala, Pedido m\u00ednimo, 4800 balas, EXW, compra intracomunitaria IVA Cero<\/p>\n<p>Este cartucho en particular est\u00e1 cargado con casquillos de lat\u00f3n CuZn30 normales.<\/p>\n<p>Esta variaci\u00f3n de 9 mm Luger funciona en todo tipo de armas de fuego, pistolas, ametralladoras ligeras, PDWs, rifles, PPCs, etc&#8230;<\/p>\n<p>La \u00fanica diferencia est\u00e1 en un precio m\u00e1s bajo.<\/p>\n<p>Todos nuestros cartuchos cumplen con las normas C.I.P. y son excepcionalmente fiables y consistentes. En el precio se incluye el transporte hasta el cliente.<\/p>\n<p>Par\u00e1metros de la munici\u00f3n<br \/>\nBala 124 gr FMJ<br \/>\nVelocidad 350 m\/s<br \/>\nEnerg\u00eda 593 J<br \/>\nFactor de potencia 142 IPSC<\/p>\n<p>9 mm Luger munici\u00f3n de pistola &#8211;\u00a0 Precio sin IVA ni transporte\u00a0 487,60 CZK= 20 \u20ac \/caja\/100 balas<\/p>\n<p>No se incluye IVA por ser compra intracomunitaria\/empresas profesionales armer\u00edas y clubs de tiro<\/p>\n<p>Pedido m\u00ednimo, recomendado, 48 cajas = 4800 balas, envio NACEX o SEUR.<\/p>\n","protected":false},"featured_media":1698,"comment_status":"open","ping_status":"closed","template":"","meta":[],"product_brand":[],"product_cat":[82],"product_tag":[83],"class_list":{"0":"post-1697","1":"product","2":"type-product","3":"status-publish","4":"has-post-thumbnail","6":"product_cat-getload","7":"product_tag-code-9-n-124-mb","9":"first","10":"instock","11":"taxable","12":"shipping-taxable","13":"purchasable","14":"product-type-simple"},"_links":{"self":[{"href":"https:\/\/amazing-ritchie.82-223-64-3.plesk.page\/index.php?rest_route=\/wp\/v2\/product\/1697","targetHints":{"allow":["GET"]}}],"collection":[{"href":"https:\/\/amazing-ritchie.82-223-64-3.plesk.page\/index.php?rest_route=\/wp\/v2\/product"}],"about":[{"href":"https:\/\/amazing-ritchie.82-223-64-3.plesk.page\/index.php?rest_route=\/wp\/v2\/types\/product"}],"replies":[{"embeddable":true,"href":"https:\/\/amazing-ritchie.82-223-64-3.plesk.page\/index.php?rest_route=%2Fwp%2Fv2%2Fcomments&post=1697"}],"wp:featuredmedia":[{"embeddable":true,"href":"https:\/\/amazing-ritchie.82-223-64-3.plesk.page\/index.php?rest_route=\/wp\/v2\/media\/1698"}],"wp:attachment":[{"href":"https:\/\/amazing-ritchie.82-223-64-3.plesk.page\/index.php?rest_route=%2Fwp%2Fv2%2Fmedia&parent=1697"}],"wp:term":[{"taxonomy":"product_brand","embeddable":true,"href":"https:\/\/amazing-ritchie.82-223-64-3.plesk.page\/index.php?rest_route=%2Fwp%2Fv2%2Fproduct_brand&post=1697"},{"taxonomy":"product_cat","embeddable":true,"href":"https:\/\/amazing-ritchie.82-223-64-3.plesk.page\/index.php?rest_route=%2Fwp%2Fv2%2Fproduct_cat&post=1697"},{"taxonomy":"product_tag","embeddable":true,"href":"https:\/\/amazing-ritchie.82-223-64-3.plesk.page\/index.php?rest_route=%2Fwp%2Fv2%2Fproduct_tag&post=1697"}],"curies":[{"name":"wp","href":"https:\/\/api.w.org\/{rel}","templated":true}]}}